 remainder when 132 is divided by 38.
18
What is the remainder when 83 is divided by 12?
11
What is the remainder when 625 is divided by 235?
155
What is the remainder when 198 is divided by 112?
86
Calculate the remainder when 131 is divided by 82.
49
What is the remainder when 26 is divided by 2?
0
Calculate the remainder when 1212 is divided by 8.
4
What is the remainder when 2681 is divided by 13?
3
Calculate the remainder when 243 is divided by 11.
1
What is the remainder when 12061 is divided by 58?
55
What is the remainder when 61 is divided by 52?
9
What is the remainder when 57 is divided by 5?
2
What is the remainder when 2116 is divided by 102?
76
What is the remainder when 268 is divided by 210?
58
What is the remainder when 596 is divided by 20?
16
Calculate the remainder when 146 is divided by 64.
18
Calculate the remainder when 434 is divided by 62.
0
What is the remainder when 37 is divided by 14?
9
What is the remainder when 1513 is divided by 15?
13
Calculate the remainder when 1311 is divided by 649.
13
Calculate the remainder when 130 is divided by 24.
10
What is the remainder when 163 is divided by 59?
45
Calculate the remainder when 180 is divided by 40.
20
Calculate the remainder when 8770 is divided by 172.
170
Calculate the remainder when 68713 is divided by 135.
133
What is the remainder when 61 is divided by 5?
1
Calculate the remainder when 44 is divided by 33.
11
Calculate the remainder when 6240 is divided by 7.
3
Calculate the remainder when 3958 is divided by 11.
9
Calculate the remainder when 1223 is divided by 19.
7
Calculate the remainder when 219 is divided by 89.
41
Calculate the remainder when 298 is divided by 13.
12
What is the remainder when 273 is divided by 24?
9
Calculate the remainder when 4739 is divided by 60.
59
What is the remainder when 381 is divided by 297?
84
Calculate the remainder when 20 is divided by 17.
3
Calculate the remainder when 115 is divided by 30.
25
Calculate the remainder when 353 is divided by 67.
18
What is the remainder when 148 is divided by 27?
13
Calculate the remainder when 29 is divided by 2.
1
Calculate the remainder when 491 is divided by 52.
23
Calculate the remainder when 366 is divided by 93.
87
What is the remainder when 622 is divided by 18?
10
Calculate the remainder when 93 is divided by 52.
41
What is the remainder when 40 is divided by 23?
17
Calculate the remainder when 1572 is divided by 121.
120
Calculate the remainder when 2514 is divided by 17.
15
Calculate the remainder when 2017 is divided by 48.
1
Calculate the remainder when 1013 is divided by 266.
215
What is the remainder when 42 is divided by 12?
6
Calculate the remainder when 4510 is divided by 94.
92
Calculate the remainder when 1557 is divided by 386.
13
Calculate the remainder when 530 is divided by 38.
36
Calculate the remainder when 1154 is divided by 105.
104
What is the remainder when 30256 is divided by 68?
64
Calculate the remainder when 190 is divided by 138.
52
Calculate the remainder when 257 is divided by 43.
42
Calculate the remainder when 39056 is divided by 18.
14
What is the remainder when 637 is divided by 11?
10
What is the remainder when 6241 is divided by 9?
4
What is the remainder when 364 is divided by 144?
76
Calculate the remainder when 257 is divided by 13.
10
Calculate the remainder when 3669 is divided by 55.
39
What is the remainder when 667 is divided by 132?
7
Calculate the remainder when 57 is divided by 12.
9
What is the remainder when 382 is divided by 24?
22
Calculate the remainder when 481 is divided by 69.
67
Calculate the remainder when 908 is divided by 9.
8
What is the remainder when 237 is divided by 8?
5
What is the remainder when 2655 is divided by 28?
23
Calculate the remainder when 59 is divided by 31.
28
What is the remainder when 465 is divided by 162?
141
Calculate the remainder when 7235 is divided by 22.
19
What is the remainder when 51 is divided by 34?
17
What is the remainder when 377 is divided by 119?
20
Calculate the remainder when 92 is divided by 11.
4
What is the remainder when 181 is divided by 58?
7
What is the remainder when 1222 is divided by 9?
7
Calculate the remainder when 525 is divided by 44.
41
What is the remainder when 27 is divided by 21?
6
What is the remainder when 609 is divided by 243?
123
Calculate the remainder when 389 is divided by 139.
111
Calculate the remainder when 166 is divided by 29.
21
What is the remainder when 156 is divided by 24?
12
Calculate the remainder when 389 is divided by 143.
103
Calculate the remainder when 38 is divided by 15.
8
Calculate the remainder when 416 is divided by 12.
8
What is the remainder when 6284 is divided by 15?
14
What is the remainder when 303 is divided by 77?
72
Calculate the remainder when 268 is divided by 30.
28
What is the remainder when 1969 is divided by 104?
97
Calculate the remainder when 338 is divided by 10.
8
Calculate the remainder when 601 is divided by 55.
51
What is the remainder when 702 is divided by 142?
134
What is the remainder when 277 is divided by 19?
11
Calculate the remainder when 406 is divided by 37.
36
Calculate the remainder when 629 is divided by 165.
134
What is the remainder when 1959 is divided by 650?
9
What is the remainder when 505 is divided by 94?
35
Calculate the remainder when 42 is divided by 39.
3
What is the remainder when 198 is divided by 23?
14
Calculate the remainder when 526 is divided by 36.
22
What is the remainder when 213 is divided by 97?
19
Calculate the remainder when 8313 is divided by 5.
3
What is the remainder when 2647 is divided by 50?
47
Calculate the remainder when 86 is divided by 4.
2
What is the remainder when 3547 is divided by 176?
27
What is the remainder when 240 is divided by 64?
48
What is the remainder when 4941 is divided by 6?
3
Calculate the remainder when 82 is divided by 20.
2
What is the remainder when 638 is divided by 150?
38
Calculate the remainder when 2147 is divided by 50.
47
What is the remainder when 2906 is divided by 724?
10
Calculate the remainder when 544 is divided by 105.
19
Calculate the remainder when 3064 is divided by 59.
55
What is the remainder when 347 is divided by 2?
1
What is the remainder when 1268 is divided by 45?
8
Calculate the remainder when 290 is divided by 59.
54
What is the remainder when 1247 is divided by 104?
103
What is the remainder when 190 is divided by 84?
22
Calculate the remainder when 601 is divided by 43.
42
What is the remainder when 33 is divided by 18?
15
What is the remainder when 1449 is divided by 15?
9
What is the remainder when 133 is divided by 45?
43
Calculate the remainder when 23311 is divided by 496.
495
Calculate the remainder when 445 is divided by 111.
1
What is the remainder when 613 is divided by 71?
45
Calculate the remainder when 322 is divided by 320.
2
What is the remainder when 83 is divided by 11?
6
Calculate the remainder when 8112 is divided by 133.
132
Calculate the remainder when 57 is divided by 36.
21
Calculate the remainder when 406 is divided by 68.
66
Calculate the remainder when 231 is divided by 13.
10
What is the remainder when 82 is divided by 6?
4
What is the remainder when 2109 is divided by 235?
229
What is the remainder when 335 is divided by 122?
91
What is the remainder when 22173 is divided by 7?
4
What is the remainder when 25089 is divided by 34?
31
Calculate the remainder when 158 is divided by 76.
6
What is the remainder when 622 is divided by 165?
127
What is the remainder when 31128 is divided by 27?
24
What is the remainder when 215 is divided by 114?
101
Calculate the remainder when 573 is divided by 36.
33
What is the remainder when 648 is divided by 31?
28
What is the remainder when 66 is divided by 50?
16
What is the remainder when 195 is divided by 24?
3
Calculate the remainder when 2423 is divided by 144.
119
Calculate the remainder when 110 is divided by 93.
17
What is the remainder when 377 is divided by 13?
0
Calculate the remainder when 1441 is divided by 317.
173
Calculate the remainder when 31 is divided by 25.
6
Calculate the remainder when 109 is divided by 23.
17
Calculate the remainder when 88 is divided by 19.
12
Calculate the remainder when 118 is divided by 44.
30
Calculate the 